{"id":1551,"date":"2024-06-10T13:49:13","date_gmt":"2024-06-10T11:49:13","guid":{"rendered":"http:\/\/lsrbpmw.cluster023.hosting.ovh.net\/?page_id=1551"},"modified":"2025-09-13T15:41:14","modified_gmt":"2025-09-13T13:41:14","slug":"alpe","status":"publish","type":"page","link":"https:\/\/al-lepellerin.fr\/index.php\/alpe\/","title":{"rendered":"ALPE"},"content":{"rendered":"\n<figure class=\"wp-block-image size-large\"><img loading=\"lazy\" decoding=\"async\" width=\"1024\" height=\"762\" src=\"https:\/\/al-lepellerin.fr\/wp-content\/uploads\/2025\/09\/ALPE-NOUVEAU-LOGO-1024x762.jpg\" alt=\"\" class=\"wp-image-2120\" style=\"aspect-ratio:16\/9;object-fit:cover\" srcset=\"https:\/\/al-lepellerin.fr\/wp-content\/uploads\/2025\/09\/ALPE-NOUVEAU-LOGO-1024x762.jpg 1024w, https:\/\/al-lepellerin.fr\/wp-content\/uploads\/2025\/09\/ALPE-NOUVEAU-LOGO-300x223.jpg 300w, https:\/\/al-lepellerin.fr\/wp-content\/uploads\/2025\/09\/ALPE-NOUVEAU-LOGO-768x571.jpg 768w, https:\/\/al-lepellerin.fr\/wp-content\/uploads\/2025\/09\/ALPE-NOUVEAU-LOGO-1536x1142.jpg 1536w, https:\/\/al-lepellerin.fr\/wp-content\/uploads\/2025\/09\/ALPE-NOUVEAU-LOGO-60x46.jpg 60w, https:\/\/al-lepellerin.fr\/wp-content\/uploads\/2025\/09\/ALPE-NOUVEAU-LOGO.jpg 1600w\" sizes=\"auto, (max-width: 1024px) 100vw, 1024px\" \/><\/figure>\n\n\n\n<p>Section ALPE &#8211; projets des \u00e9coles<br><br>Responsables de section :<br>Agn\u00e8s, Alexandre, Rebecca,  Charlotte, Caro, Emmanuelle, <\/p>\n\n\n\n<p>Pr\u00e9sentation : La section ALPE est compos\u00e9e d\u2019un bureau et de parents b\u00e9n\u00e9voles<br>des \u00e9coles publiques du Pellerin, Les Asphod\u00e8les, Aim\u00e9 C\u00e9saire, L\u2019Hermitage.<\/p>\n\n\n\n<p><br>Le but de l\u2019association est de rassembler les parents d\u2019\u00e9l\u00e8ves et d\u2019\u00eatre acteurs de la vie de<br>l\u2019\u00e9cole. Les parents d\u2019\u00e9l\u00e8ves b\u00e9n\u00e9voles donnent de leur temps et de leur \u00e9nergie pour<br>organiser des manifestations, des ventes, qui permettent d\u2019apporter une aide au<br>financement des diff\u00e9rentes activit\u00e9s et sorties scolaires.<br>Chaque parent est le bienvenu pour participer \u00e0 ces actions.<br>Plusieurs possibilit\u00e9s:<br>-donner un peu de temps, d\u2019\u00e9nergie et partager ses id\u00e9es pour mettre en place une action<br>ou un \u00e9v\u00e8nement<br>-participer \u00e0 un ou plusieurs \u00e9v\u00e8nements le jour J<br>-faire partie du bureau qui d\u00e9cide des actions<br><br>Nos \u00e9v\u00e9nements 2025\/2026 : <br>&#8211; jeudi 25 sept r\u00e9union de rentr\u00e9e au 3F6S (3 francs 6 sous)\u00a0<br>&#8211; Dimanche 9 novembre Boum des enfants\u00a0<br>&#8211; Dimanche 1er f\u00e9vrier Concours de puzzles<br>&#8211; Mars (date \u00e0 venir) Soir\u00e9e th\u00e9\u00e2tre d&rsquo;impro<br>&#8211; Samedi 20 juin F\u00eate des \u00e9coles.\u00a0<\/p>\n\n\n\n<div data-wp-interactive=\"core\/file\" class=\"wp-block-file\"><object data-wp-bind--hidden=\"!state.hasPdfPreview\" hidden class=\"wp-block-file__embed\" data=\"https:\/\/al-lepellerin.fr\/wp-content\/uploads\/2025\/09\/ALPE-flyer-rentree.pdf\" type=\"application\/pdf\" style=\"width:100%;height:600px\" aria-label=\"Contenu embarqu\u00e9 ALPE flyer rentr\u00e9e.\"><\/object><a id=\"wp-block-file--media-069542a7-7354-4995-9b9d-1b87865d893d\" href=\"https:\/\/al-lepellerin.fr\/wp-content\/uploads\/2025\/09\/ALPE-flyer-rentree.pdf\">ALPE flyer rentr\u00e9e<\/a><a href=\"https:\/\/al-lepellerin.fr\/wp-content\/uploads\/2025\/09\/ALPE-flyer-rentree.pdf\" class=\"wp-block-file__button wp-element-button\" download aria-describedby=\"wp-block-file--media-069542a7-7354-4995-9b9d-1b87865d893d\">T\u00e9l\u00e9charger<\/a><\/div>\n\n\n\n<p><br><\/p>\n\n\n\n<p><\/p>\n\n\n\n<p><br>  <br><br><br><br><br><br><br><br><br><br><br><br><br><br><br><br><br><br><br><br><br><\/p>\n\n\n<div class=\"wpforms-container wpforms-container-full wpforms-render-modern\" id=\"wpforms-2024\"><form id=\"wpforms-form-2024\" class=\"wpforms-validate wpforms-form wpforms-ajax-form\" data-formid=\"2024\" method=\"post\" enctype=\"multipart\/form-data\" action=\"\/index.php\/wp-json\/wp\/v2\/pages\/1551\" data-token=\"84b14178b43539261a789ce6cecdf63f\" data-token-time=\"1777551264\"><noscript class=\"wpforms-error-noscript\">Veuillez activer JavaScript dans votre navigateur pour remplir ce formulaire.<\/noscript><div class=\"wpforms-hidden\" id=\"wpforms-error-noscript\">Veuillez activer JavaScript dans votre navigateur pour remplir ce formulaire.<\/div><div class=\"wpforms-field-container\"><div id=\"wpforms-2024-field_0-container\" class=\"wpforms-field wpforms-field-name\" data-field-id=\"0\"><fieldset><legend class=\"wpforms-field-label\">Nom <span class=\"wpforms-required-label\" aria-hidden=\"true\">*<\/span><\/legend><div class=\"wpforms-field-row wpforms-field-medium\"><div class=\"wpforms-field-row-block wpforms-first wpforms-one-half\"><input type=\"text\" id=\"wpforms-2024-field_0\" class=\"wpforms-field-name-first wpforms-field-required\" name=\"wpforms[fields][0][first]\" aria-errormessage=\"wpforms-2024-field_0-error\" required><label for=\"wpforms-2024-field_0\" class=\"wpforms-field-sublabel after \">Pr\u00e9nom<\/label><\/div><div class=\"wpforms-field-row-block wpforms-one-half\"><input type=\"text\" id=\"wpforms-2024-field_0-last\" class=\"wpforms-field-name-last wpforms-field-required\" name=\"wpforms[fields][0][last]\" aria-errormessage=\"wpforms-2024-field_0-last-error\" required><label for=\"wpforms-2024-field_0-last\" class=\"wpforms-field-sublabel after \">Nom<\/label><\/div><\/div><\/fieldset><\/div><div id=\"wpforms-2024-field_1-container\" class=\"wpforms-field wpforms-field-email\" data-field-id=\"1\"><label class=\"wpforms-field-label\" for=\"wpforms-2024-field_1\">E-mail <span class=\"wpforms-required-label\" aria-hidden=\"true\">*<\/span><\/label><input type=\"email\" id=\"wpforms-2024-field_1\" class=\"wpforms-field-medium wpforms-field-required\" name=\"wpforms[fields][1]\" spellcheck=\"false\" aria-errormessage=\"wpforms-2024-field_1-error\" required><\/div><div id=\"wpforms-2024-field_2-container\" class=\"wpforms-field wpforms-field-textarea\" data-field-id=\"2\"><label class=\"wpforms-field-label\" for=\"wpforms-2024-field_2\">Commentaire ou message<\/label><textarea id=\"wpforms-2024-field_2\" class=\"wpforms-field-medium\" name=\"wpforms[fields][2]\" aria-errormessage=\"wpforms-2024-field_2-error\" ><\/textarea><\/div><\/div><!-- .wpforms-field-container --><div class=\"wpforms-recaptcha-container wpforms-is-recaptcha wpforms-is-recaptcha-type-v2\" ><div class=\"g-recaptcha\" data-sitekey=\"6LeVnxMqAAAAAIonvqWSA0b4lF6NFnPJAUVELxfZ\"><\/div><input type=\"text\" name=\"g-recaptcha-hidden\" class=\"wpforms-recaptcha-hidden\" style=\"position:absolute!important;clip:rect(0,0,0,0)!important;height:1px!important;width:1px!important;border:0!important;overflow:hidden!important;padding:0!important;margin:0!important;\" data-rule-recaptcha=\"1\"><\/div><div class=\"wpforms-submit-container\" ><input type=\"hidden\" name=\"wpforms[id]\" value=\"2024\"><input type=\"hidden\" name=\"page_title\" value=\"\"><input type=\"hidden\" name=\"page_url\" value=\"https:\/\/al-lepellerin.fr\/index.php\/wp-json\/wp\/v2\/pages\/1551\"><button type=\"submit\" name=\"wpforms[submit]\" id=\"wpforms-submit-2024\" class=\"wpforms-submit\" data-alt-text=\"Envoi...\" data-submit-text=\"Envoyer\" aria-live=\"assertive\" value=\"wpforms-submit\">Envoyer<\/button><img loading=\"lazy\" decoding=\"async\" src=\"https:\/\/al-lepellerin.fr\/wp-content\/plugins\/wpforms-lite\/assets\/images\/submit-spin.svg\" class=\"wpforms-submit-spinner\" style=\"display: none;\" width=\"26\" height=\"26\" alt=\"Chargement en cours\"><\/div><\/form><\/div>  <!-- .wpforms-container -->\n","protected":false},"excerpt":{"rendered":"<p>Section ALPE &#8211; projets des \u00e9coles Responsables de section :Agn\u00e8s, Alexandre, Rebecca, Charlotte, Caro, Emmanuelle, Pr\u00e9sentation : La section ALPE est compos\u00e9e d\u2019un bureau et de parents b\u00e9n\u00e9volesdes \u00e9coles publiques du Pellerin, Les Asphod\u00e8les, Aim\u00e9 C\u00e9saire, L\u2019Hermitage. Le but de l\u2019association est de rassembler les parents d\u2019\u00e9l\u00e8ves et d\u2019\u00eatre acteurs de la vie del\u2019\u00e9cole. Les parents d\u2019\u00e9l\u00e8ves b\u00e9n\u00e9voles donnent de leur temps et de leur \u00e9nergie pourorganiser des manifestations, des ventes, qui permettent d\u2019apporter une aide aufinancement des diff\u00e9rentes activit\u00e9s et sorties scolaires.Chaque parent est le bienvenu pour participer \u00e0 ces actions.Plusieurs possibilit\u00e9s:-donner un peu de temps, d\u2019\u00e9nergie et partager&#8230;<\/p>\n","protected":false},"author":1,"featured_media":0,"parent":0,"menu_order":0,"comment_status":"closed","ping_status":"closed","template":"","meta":{"_acf_changed":false,"footnotes":""},"class_list":["post-1551","page","type-page","status-publish","hentry"],"acf":[],"_links":{"self":[{"href":"https:\/\/al-lepellerin.fr\/index.php\/wp-json\/wp\/v2\/pages\/1551","targetHints":{"allow":["GET"]}}],"collection":[{"href":"https:\/\/al-lepellerin.fr\/index.php\/wp-json\/wp\/v2\/pages"}],"about":[{"href":"https:\/\/al-lepellerin.fr\/index.php\/wp-json\/wp\/v2\/types\/page"}],"author":[{"embeddable":true,"href":"https:\/\/al-lepellerin.fr\/index.php\/wp-json\/wp\/v2\/users\/1"}],"replies":[{"embeddable":true,"href":"https:\/\/al-lepellerin.fr\/index.php\/wp-json\/wp\/v2\/comments?post=1551"}],"version-history":[{"count":11,"href":"https:\/\/al-lepellerin.fr\/index.php\/wp-json\/wp\/v2\/pages\/1551\/revisions"}],"predecessor-version":[{"id":2129,"href":"https:\/\/al-lepellerin.fr\/index.php\/wp-json\/wp\/v2\/pages\/1551\/revisions\/2129"}],"wp:attachment":[{"href":"https:\/\/al-lepellerin.fr\/index.php\/wp-json\/wp\/v2\/media?parent=1551"}],"curies":[{"name":"wp","href":"https:\/\/api.w.org\/{rel}","templated":true}]}}

<figure class="wp-block-image size-large"><img loading="lazy" decoding="async" width="1024" height="762" src="https://al-lepellerin.fr/wp-content/uploads/2025/09/ALPE-NOUVEAU-LOGO-1024x762.jpg" alt="" class="wp-image-2120" style="aspect-ratio:16/9;object-fit:cover" srcset="https://al-lepellerin.fr/wp-content/uploads/2025/09/ALPE-NOUVEAU-LOGO-1024x762.jpg 1024w, https://al-lepellerin.fr/wp-content/uploads/2025/09/ALPE-NOUVEAU-LOGO-300x223.jpg 300w, https://al-lepellerin.fr/wp-content/uploads/2025/09/ALPE-NOUVEAU-LOGO-768x571.jpg 768w, https://al-lepellerin.fr/wp-content/uploads/2025/09/ALPE-NOUVEAU-LOGO-1536x1142.jpg 1536w, https://al-lepellerin.fr/wp-content/uploads/2025/09/ALPE-NOUVEAU-LOGO-60x46.jpg 60w, https://al-lepellerin.fr/wp-content/uploads/2025/09/ALPE-NOUVEAU-LOGO.jpg 1600w" sizes="auto, (max-width: 1024px) 100vw, 1024px" /></figure>



<p>Section ALPE &#8211; projets des écoles<br><br>Responsables de section :<br>Agnès, Alexandre, Rebecca,  Charlotte, Caro, Emmanuelle, </p>



<p>Présentation : La section ALPE est composée d’un bureau et de parents bénévoles<br>des écoles publiques du Pellerin, Les Asphodèles, Aimé Césaire, L’Hermitage.</p>



<p><br>Le but de l’association est de rassembler les parents d’élèves et d’être acteurs de la vie de<br>l’école. Les parents d’élèves bénévoles donnent de leur temps et de leur énergie pour<br>organiser des manifestations, des ventes, qui permettent d’apporter une aide au<br>financement des différentes activités et sorties scolaires.<br>Chaque parent est le bienvenu pour participer à ces actions.<br>Plusieurs possibilités:<br>-donner un peu de temps, d’énergie et partager ses idées pour mettre en place une action<br>ou un évènement<br>-participer à un ou plusieurs évènements le jour J<br>-faire partie du bureau qui décide des actions<br><br>Nos événements 2025/2026 : <br>&#8211; jeudi 25 sept réunion de rentrée au 3F6S (3 francs 6 sous) <br>&#8211; Dimanche 9 novembre Boum des enfants <br>&#8211; Dimanche 1er février Concours de puzzles<br>&#8211; Mars (date à venir) Soirée théâtre d&rsquo;impro<br>&#8211; Samedi 20 juin Fête des écoles. </p>



<div data-wp-interactive="core/file" class="wp-block-file"><object data-wp-bind--hidden="!state.hasPdfPreview" hidden class="wp-block-file__embed" data="https://al-lepellerin.fr/wp-content/uploads/2025/09/ALPE-flyer-rentree.pdf" type="application/pdf" style="width:100%;height:600px" aria-label="Contenu embarqué ALPE flyer rentrée."></object><a id="wp-block-file--media-069542a7-7354-4995-9b9d-1b87865d893d" href="https://al-lepellerin.fr/wp-content/uploads/2025/09/ALPE-flyer-rentree.pdf">ALPE flyer rentrée</a><a href="https://al-lepellerin.fr/wp-content/uploads/2025/09/ALPE-flyer-rentree.pdf" class="wp-block-file__button wp-element-button" download aria-describedby="wp-block-file--media-069542a7-7354-4995-9b9d-1b87865d893d">Télécharger</a></div>



<p><br></p>



<p></p>



<p><br>  <br><br><br><br><br><br><br><br><br><br><br><br><br><br><br><br><br><br><br><br><br></p>


<div class="wpforms-container wpforms-container-full wpforms-render-modern" id="wpforms-2024"><form id="wpforms-form-2024" class="wpforms-validate wpforms-form wpforms-ajax-form" data-formid="2024" method="post" enctype="multipart/form-data" action="/index.php/wp-json/wp/v2/pages/1551" data-token="84b14178b43539261a789ce6cecdf63f" data-token-time="1777551264"><noscript class="wpforms-error-noscript">Veuillez activer JavaScript dans votre navigateur pour remplir ce formulaire.</noscript><div class="wpforms-hidden" id="wpforms-error-noscript">Veuillez activer JavaScript dans votre navigateur pour remplir ce formulaire.</div><div class="wpforms-field-container"><div id="wpforms-2024-field_0-container" class="wpforms-field wpforms-field-name" data-field-id="0"><fieldset><legend class="wpforms-field-label">Nom <span class="wpforms-required-label" aria-hidden="true">*</span></legend><div class="wpforms-field-row wpforms-field-medium"><div class="wpforms-field-row-block wpforms-first wpforms-one-half"><input type="text" id="wpforms-2024-field_0" class="wpforms-field-name-first wpforms-field-required" name="wpforms[fields][0][first]" aria-errormessage="wpforms-2024-field_0-error" required><label for="wpforms-2024-field_0" class="wpforms-field-sublabel after ">Prénom</label></div><div class="wpforms-field-row-block wpforms-one-half"><input type="text" id="wpforms-2024-field_0-last" class="wpforms-field-name-last wpforms-field-required" name="wpforms[fields][0][last]" aria-errormessage="wpforms-2024-field_0-last-error" required><label for="wpforms-2024-field_0-last" class="wpforms-field-sublabel after ">Nom</label></div></div></fieldset></div><div id="wpforms-2024-field_1-container" class="wpforms-field wpforms-field-email" data-field-id="1"><label class="wpforms-field-label" for="wpforms-2024-field_1">E-mail <span class="wpforms-required-label" aria-hidden="true">*</span></label><input type="email" id="wpforms-2024-field_1" class="wpforms-field-medium wpforms-field-required" name="wpforms[fields][1]" spellcheck="false" aria-errormessage="wpforms-2024-field_1-error" required></div><div id="wpforms-2024-field_2-container" class="wpforms-field wpforms-field-textarea" data-field-id="2"><label class="wpforms-field-label" for="wpforms-2024-field_2">Commentaire ou message</label><textarea id="wpforms-2024-field_2" class="wpforms-field-medium" name="wpforms[fields][2]" aria-errormessage="wpforms-2024-field_2-error" ></textarea></div></div><!-- .wpforms-field-container --><div class="wpforms-recaptcha-container wpforms-is-recaptcha wpforms-is-recaptcha-type-v2" ><div class="g-recaptcha" data-sitekey="6LeVnxMqAAAAAIonvqWSA0b4lF6NFnPJAUVELxfZ"></div><input type="text" name="g-recaptcha-hidden" class="wpforms-recaptcha-hidden" style="position:absolute!important;clip:rect(0,0,0,0)!important;height:1px!important;width:1px!important;border:0!important;overflow:hidden!important;padding:0!important;margin:0!important;" data-rule-recaptcha="1"></div><div class="wpforms-submit-container" ><input type="hidden" name="wpforms[id]" value="2024"><input type="hidden" name="page_title" value=""><input type="hidden" name="page_url" value="https://al-lepellerin.fr/index.php/wp-json/wp/v2/pages/1551"><button type="submit" name="wpforms[submit]" id="wpforms-submit-2024" class="wpforms-submit" data-alt-text="Envoi..." data-submit-text="Envoyer" aria-live="assertive" value="wpforms-submit">Envoyer</button><img loading="lazy" decoding="async" src="https://al-lepellerin.fr/wp-content/plugins/wpforms-lite/assets/images/submit-spin.svg" class="wpforms-submit-spinner" style="display: none;" width="26" height="26" alt="Chargement en cours"></div></form></div>  <!-- .wpforms-container -->

<p>Section ALPE &#8211; projets des écoles Responsables de section :Agnès, Alexandre, Rebecca, Charlotte, Caro, Emmanuelle, Présentation : La section ALPE est composée d’un bureau et de parents bénévolesdes écoles publiques du Pellerin, Les Asphodèles, Aimé Césaire, L’Hermitage. Le but de l’association est de rassembler les parents d’élèves et d’être acteurs de la vie del’école. Les parents d’élèves bénévoles donnent de leur temps et de leur énergie pourorganiser des manifestations, des ventes, qui permettent d’apporter une aide aufinancement des différentes activités et sorties scolaires.Chaque parent est le bienvenu pour participer à ces actions.Plusieurs possibilités:-donner un peu de temps, d’énergie et partager&#8230;</p>
