{"id":1540,"date":"2024-06-10T13:45:37","date_gmt":"2024-06-10T11:45:37","guid":{"rendered":"http:\/\/lsrbpmw.cluster023.hosting.ovh.net\/?page_id=1540"},"modified":"2025-08-31T11:56:20","modified_gmt":"2025-08-31T09:56:20","slug":"musique","status":"publish","type":"page","link":"https:\/\/al-lepellerin.fr\/index.php\/musique\/","title":{"rendered":"Musique"},"content":{"rendered":"\n<p><br><br><\/p>\n\n\n<div class=\"wp-block-image\">\n<figure class=\"aligncenter size-full is-resized\"><img loading=\"lazy\" decoding=\"async\" width=\"587\" height=\"631\" src=\"https:\/\/al-lepellerin.fr\/wp-content\/uploads\/2024\/08\/Celine-Responsable.jpg\" alt=\"\" class=\"wp-image-1935\" style=\"width:200px\" srcset=\"https:\/\/al-lepellerin.fr\/wp-content\/uploads\/2024\/08\/Celine-Responsable.jpg 587w, https:\/\/al-lepellerin.fr\/wp-content\/uploads\/2024\/08\/Celine-Responsable-279x300.jpg 279w\" sizes=\"auto, (max-width: 587px) 100vw, 587px\" \/><\/figure>\n<\/div>\n\n\n<p class=\"has-text-align-center\"><strong>Responsable de section&nbsp;:<\/strong> C\u00e9line Landreau<\/p>\n\n\n\n<p class=\"has-text-align-center\"><\/p>\n\n\n\n<p><br>Cr\u00e9\u00e9e en 1979, L\u2019\u00c9cole de Musique de l\u2019Amicale La\u00efque du Pellerin a comme philosophie de d\u00e9mocratiser et de favoriser l\u2019acc\u00e8s \u00e0 l\u2019\u00e9ducation musicale pour tous.<\/p>\n\n\n\n<p><strong>Notre devise&nbsp;: plaisir dans l\u2019apprentissage et \u00e9panouissement personnel dans la pratique.<\/strong><br><br>Notre projet s\u2019articule autour du plaisir de pratiquer la musique et de l\u2019\u00e9panouissement personnel dans la pratique. C\u2019est une aventure humaine et artistique dans un cadre associatif.<br>Nous vous proposons de l\u2019\u00e9veil musical d\u00e8s 3 ans, l\u2019apprentissage de diff\u00e9rents instruments et de la pratique collective en studio.<br>L\u2019\u00c9cole de Musique se situe \u00e0 l\u2019espace culturel Adine Riom au-dessus de la M\u00e9diath\u00e8que du Pellerin.<\/p>\n\n\n\n<p class=\"has-text-align-center\"><br><strong>Equipe p\u00e9dagogique :<\/strong><\/p>\n\n\n\n<figure class=\"wp-block-table aligncenter is-style-stripes\"><table class=\"has-fixed-layout\"><tbody><tr><td class=\"has-text-align-center\" data-align=\"center\"><img decoding=\"async\" src=\"https:\/\/al-lepellerin.fr\/wp-content\/uploads\/2024\/08\/Bruno-Coordinateur-et-Guitares-1-1024x810.jpg\" alt=\"\">Bruno Pereira<br><br>Coordinateur de l&rsquo;\u00e9cole, professeur de guitare tous style et basse <br><\/td><td class=\"has-text-align-center\" data-align=\"center\"><img decoding=\"async\" src=\"https:\/\/al-lepellerin.fr\/wp-content\/uploads\/2024\/08\/Stephane-Batterie-904x1024.jpg\" alt=\"\" style=\"width: 200px;\"><br>St\u00e9phane Barbier<br><br>Professeur de batterie<br><br><br><\/td><td class=\"has-text-align-center\" data-align=\"center\"><img decoding=\"async\" src=\"https:\/\/al-lepellerin.fr\/wp-content\/uploads\/2024\/08\/Mylene-CHANT-815x1024.jpg\" alt=\"\" style=\"width: 200px;\"><br>Myl\u00e8ne Brubach<br><br>Professeur de chant<br><br><br><\/td><td class=\"has-text-align-center\" data-align=\"center\"><img decoding=\"async\" src=\"https:\/\/al-lepellerin.fr\/wp-content\/uploads\/2024\/08\/Nikita-Violon.jpg\" alt=\"\">Nikita Gastineau<br><br>Professeure de violon<br><\/td><\/tr><tr><td class=\"has-text-align-center\" data-align=\"center\"><img decoding=\"async\" src=\"https:\/\/al-lepellerin.fr\/wp-content\/uploads\/2024\/08\/Maria-eveil-et-harpe-1024x1024.jpg\" alt=\"\">Maria Turrini<br><br>Professeure de harpe et \u00e9veil musical<br><br><br><\/td><td class=\"has-text-align-center\" data-align=\"center\"><img decoding=\"async\" src=\"https:\/\/al-lepellerin.fr\/wp-content\/uploads\/2024\/08\/Christian-Piano.jpg\" alt=\"\"><br>Christian Kerhardy<br><br>Professeur de piano<br><br><br><\/td><td class=\"has-text-align-center\" data-align=\"center\"><img decoding=\"async\" src=\"https:\/\/al-lepellerin.fr\/wp-content\/uploads\/2024\/08\/Soline-piano.png\" alt=\"\"><br>Soline Jouvenet<br><br>Professeure de pano<\/td><td class=\"has-text-align-center\" data-align=\"center\"><\/td><\/tr><\/tbody><\/table><\/figure>\n\n\n\n<p><strong>D\u00e9roulement de l\u2019activit\u00e9 :<\/strong><br>Les cours se d\u00e9roulent pendant la p\u00e9riode scolaire, de septembre \u00e0 juin, hors vacances scolaires.<br><\/p>\n\n\n\n<p><strong>L\u2019\u00e9cole vous propose&nbsp;:&nbsp;<\/strong><\/p>\n\n\n\n<p>&#8211; Des cours individuels de 30 min hebdomadaires (\u00e0 partir de 7 ans) pour l\u2019apprentissage de la guitare (tous styles), du piano, de la basse, de la batterie, du violon, de la harpe et du chant.<br><br>&#8211; Des cours collectifs d\u2019\u00e9veil musical de 45 min hebdomadaires pour les enfants de 3 \u00e0 6 ans, pour une d\u00e9couverte du monde des sons et des rythmes gr\u00e2ce \u00e0 une p\u00e9dagogie adapt\u00e9e.<br><br>&#8211; Des ateliers groupe pour la pratique collective de la musique (ouverts aux \u00e9l\u00e8ves ayant acquis un bon niveau technique et th\u00e9orique). L\u2019organisation de ces s\u00e9ances est en fonction des participants.<br><br>&#8211; Des cours de Formation musicale&nbsp;: ces cours collectifs de 45 min hebdomadaires sont vivement conseill\u00e9s. La FM est le compl\u00e9ment indispensable \u00e0 toute formation instrumentale. Elle permet d\u2019aborder le langage et la culture musicale, la lecture des partitions, les rythmes, de d\u00e9velopper l\u2019oreille et la cr\u00e9ativit\u00e9 de chacun. <span style=\"font-size: 12pt; font-family: Arial, sans-serif; color: rgb(0, 112, 192); background-color: transparent; font-weight: 700; font-variant-numeric: normal; font-variant-east-asian: normal; font-variant-alternates: normal; font-variant-position: normal; vertical-align: baseline;\"><\/span>Ces cours sont gratuits pour les \u00e9l\u00e8ves inscrits en cours individuels. Ils ne sont pas obligatoires mais les participants doivent faire preuve d\u2019assiduit\u00e9 toute l\u2019ann\u00e9e s\u2019ils d\u00e9cident d\u2019y assister. <br><br><em>Attention, nous ne faisons pas de cours d\u2019essai en d\u00e9but d\u2019ann\u00e9e except\u00e9 pour l\u2019\u00e9veil musical.<\/em><\/p>\n\n\n\n<figure class=\"wp-block-image size-large\"><img loading=\"lazy\" decoding=\"async\" width=\"1024\" height=\"786\" src=\"https:\/\/al-lepellerin.fr\/wp-content\/uploads\/2024\/08\/Groupe-Fete-de-la-musique-1-1-1024x786.jpg\" alt=\"\" class=\"wp-image-1984\" srcset=\"https:\/\/al-lepellerin.fr\/wp-content\/uploads\/2024\/08\/Groupe-Fete-de-la-musique-1-1-1024x786.jpg 1024w, https:\/\/al-lepellerin.fr\/wp-content\/uploads\/2024\/08\/Groupe-Fete-de-la-musique-1-1-300x230.jpg 300w, https:\/\/al-lepellerin.fr\/wp-content\/uploads\/2024\/08\/Groupe-Fete-de-la-musique-1-1-768x589.jpg 768w, https:\/\/al-lepellerin.fr\/wp-content\/uploads\/2024\/08\/Groupe-Fete-de-la-musique-1-1-1536x1178.jpg 1536w, https:\/\/al-lepellerin.fr\/wp-content\/uploads\/2024\/08\/Groupe-Fete-de-la-musique-1-1-2048x1571.jpg 2048w, https:\/\/al-lepellerin.fr\/wp-content\/uploads\/2024\/08\/Groupe-Fete-de-la-musique-1-1-60x46.jpg 60w, https:\/\/al-lepellerin.fr\/wp-content\/uploads\/2024\/08\/Groupe-Fete-de-la-musique-1-1-750x575.jpg 750w\" sizes=\"auto, (max-width: 1024px) 100vw, 1024px\" \/><\/figure>\n\n\n\n<p><\/p>\n\n\n\n<p><br><strong>Planning des cours\u00a0:<\/strong><br><br>Guitare tous styles et basse avec Bruno\u00a0: lundi, jeudi et vendredi<br>Batterie avec St\u00e9phane\u00a0: lundi, mardi et samedi matin<br>Chant avec Myl\u00e8ne\u00a0: mercredi apr\u00e8s-midi<br>Violon avec Nikita\u00a0: mercredi et samedi\u00a0<br>Piano avec Soline\u00a0: mardi et jeudi<br>Piano avec Christian\u00a0: lundi et jeudi<br>Harpe avec Maria\u00a0: mercredi matin<br>Eveil musical avec Maria\u00a0: mercredi matin<\/p>\n\n\n\n<p><strong>Tarifs et conditions :<\/strong><br>voir grille tarifaire en PJ<\/p>\n\n\n\n<div data-wp-interactive=\"core\/file\" class=\"wp-block-file\"><object data-wp-bind--hidden=\"!state.hasPdfPreview\" hidden class=\"wp-block-file__embed\" data=\"https:\/\/al-lepellerin.fr\/wp-content\/uploads\/2024\/08\/Tarifs-Ecole-de-Musique.pdf\" type=\"application\/pdf\" style=\"width:100%;height:600px\" aria-label=\"Contenu embarqu\u00e9 Tarifs Ecole de Musique.\"><\/object><a id=\"wp-block-file--media-02af8648-c2aa-4c0e-96fd-606b8f36626f\" href=\"https:\/\/al-lepellerin.fr\/wp-content\/uploads\/2024\/08\/Tarifs-Ecole-de-Musique.pdf\">Tarifs Ecole de Musique<\/a><a href=\"https:\/\/al-lepellerin.fr\/wp-content\/uploads\/2024\/08\/Tarifs-Ecole-de-Musique.pdf\" class=\"wp-block-file__button wp-element-button\" download aria-describedby=\"wp-block-file--media-02af8648-c2aa-4c0e-96fd-606b8f36626f\">T\u00e9l\u00e9charger<\/a><\/div>\n\n\n\n<p><\/p>\n\n\n\n<p><\/p>\n\n\n\n<div class=\"wp-block-file\"><a id=\"wp-block-file--media-3dd8c819-d87a-48c3-937e-e81c1cb6d27e\" href=\"https:\/\/al-lepellerin.fr\/wp-content\/uploads\/2024\/08\/Bulletin-Inscription-Adulte-Musique.pdf\">Bulletin Inscription Adulte Musique<\/a><a href=\"https:\/\/al-lepellerin.fr\/wp-content\/uploads\/2024\/08\/Bulletin-Inscription-Adulte-Musique.pdf\" class=\"wp-block-file__button wp-element-button\" download aria-describedby=\"wp-block-file--media-3dd8c819-d87a-48c3-937e-e81c1cb6d27e\">T\u00e9l\u00e9charger<\/a><\/div>\n\n\n\n<p><\/p>\n\n\n\n<div class=\"wp-block-file\"><a id=\"wp-block-file--media-8a2c40e3-a6cd-456a-afb3-984a97a452fe\" href=\"https:\/\/al-lepellerin.fr\/wp-content\/uploads\/2024\/08\/Bulletin-Inscription-Jeune-Musique.pdf\">Bulletin Inscription Jeune Musique<\/a><a href=\"https:\/\/al-lepellerin.fr\/wp-content\/uploads\/2024\/08\/Bulletin-Inscription-Jeune-Musique.pdf\" class=\"wp-block-file__button wp-element-button\" download aria-describedby=\"wp-block-file--media-8a2c40e3-a6cd-456a-afb3-984a97a452fe\">T\u00e9l\u00e9charger<\/a><\/div>\n\n\n\n<p><br><strong>Autres informations  :<\/strong><br><br>Nous organisons en milieu d\u2019ann\u00e9e une petite audition appel\u00e9e \u00ab&nbsp;carte blanche \u00e0 l\u2019\u00e9cole de musique&nbsp;\u00bb avec la m\u00e9diath\u00e8que, pour les jeunes \u00e9l\u00e8ves et d\u00e9butants.<br>Et en fin de saison a lieu le spectacle de fin d\u2019ann\u00e9e \u00e0 l\u2019espace Ren\u00e9 Cassin.&nbsp;<\/p>\n\n\n\n<p>Ces occasions permettent aux \u00e9l\u00e8ves de jouer devant un public, un morceau pr\u00e9par\u00e9 avec leur professeur, seuls ou en petites formations. Les ateliers groupe sont \u00e9galement sollicit\u00e9s depuis plusieurs ann\u00e9es par la municipalit\u00e9 du Pellerin pour la f\u00eate de la musique.<\/p>\n\n\n\n<figure class=\"wp-block-gallery has-nested-images columns-default is-cropped wp-block-gallery-1 is-layout-flex wp-block-gallery-is-layout-flex\">\n<figure class=\"wp-block-image size-large\"><img loading=\"lazy\" decoding=\"async\" width=\"1024\" height=\"950\" data-id=\"1980\" src=\"https:\/\/al-lepellerin.fr\/wp-content\/uploads\/2024\/08\/Spectacle-fin-dannee-1-1024x950.jpg\" alt=\"\" class=\"wp-image-1980\" srcset=\"https:\/\/al-lepellerin.fr\/wp-content\/uploads\/2024\/08\/Spectacle-fin-dannee-1-1024x950.jpg 1024w, https:\/\/al-lepellerin.fr\/wp-content\/uploads\/2024\/08\/Spectacle-fin-dannee-1-300x278.jpg 300w, https:\/\/al-lepellerin.fr\/wp-content\/uploads\/2024\/08\/Spectacle-fin-dannee-1-768x712.jpg 768w, https:\/\/al-lepellerin.fr\/wp-content\/uploads\/2024\/08\/Spectacle-fin-dannee-1-1536x1425.jpg 1536w, https:\/\/al-lepellerin.fr\/wp-content\/uploads\/2024\/08\/Spectacle-fin-dannee-1-2048x1900.jpg 2048w\" sizes=\"auto, (max-width: 1024px) 100vw, 1024px\" \/><\/figure>\n\n\n\n<figure class=\"wp-block-image size-large\"><img loading=\"lazy\" decoding=\"async\" width=\"1024\" height=\"768\" data-id=\"1987\" src=\"https:\/\/al-lepellerin.fr\/wp-content\/uploads\/2024\/08\/Spectacle-fin-dannee-2-1024x768.jpg\" alt=\"\" class=\"wp-image-1987\" srcset=\"https:\/\/al-lepellerin.fr\/wp-content\/uploads\/2024\/08\/Spectacle-fin-dannee-2-1024x768.jpg 1024w, https:\/\/al-lepellerin.fr\/wp-content\/uploads\/2024\/08\/Spectacle-fin-dannee-2-300x225.jpg 300w, https:\/\/al-lepellerin.fr\/wp-content\/uploads\/2024\/08\/Spectacle-fin-dannee-2-768x576.jpg 768w, https:\/\/al-lepellerin.fr\/wp-content\/uploads\/2024\/08\/Spectacle-fin-dannee-2-1536x1152.jpg 1536w, https:\/\/al-lepellerin.fr\/wp-content\/uploads\/2024\/08\/Spectacle-fin-dannee-2-2048x1536.jpg 2048w, https:\/\/al-lepellerin.fr\/wp-content\/uploads\/2024\/08\/Spectacle-fin-dannee-2-60x46.jpg 60w\" sizes=\"auto, (max-width: 1024px) 100vw, 1024px\" \/><\/figure>\n\n\n\n<figure class=\"wp-block-image size-large\"><img loading=\"lazy\" decoding=\"async\" width=\"1024\" height=\"768\" data-id=\"1985\" src=\"https:\/\/al-lepellerin.fr\/wp-content\/uploads\/2024\/08\/Spectacle-fin-dannee-3-1024x768.jpg\" alt=\"\" class=\"wp-image-1985\" srcset=\"https:\/\/al-lepellerin.fr\/wp-content\/uploads\/2024\/08\/Spectacle-fin-dannee-3-1024x768.jpg 1024w, https:\/\/al-lepellerin.fr\/wp-content\/uploads\/2024\/08\/Spectacle-fin-dannee-3-300x225.jpg 300w, https:\/\/al-lepellerin.fr\/wp-content\/uploads\/2024\/08\/Spectacle-fin-dannee-3-768x576.jpg 768w, https:\/\/al-lepellerin.fr\/wp-content\/uploads\/2024\/08\/Spectacle-fin-dannee-3-1536x1152.jpg 1536w, https:\/\/al-lepellerin.fr\/wp-content\/uploads\/2024\/08\/Spectacle-fin-dannee-3-2048x1536.jpg 2048w, https:\/\/al-lepellerin.fr\/wp-content\/uploads\/2024\/08\/Spectacle-fin-dannee-3-60x46.jpg 60w\" sizes=\"auto, (max-width: 1024px) 100vw, 1024px\" \/><\/figure>\n\n\n\n<figure class=\"wp-block-image size-large\"><img loading=\"lazy\" decoding=\"async\" width=\"768\" height=\"1024\" data-id=\"1988\" src=\"https:\/\/al-lepellerin.fr\/wp-content\/uploads\/2024\/08\/Spectacle-fin-dannee-4-768x1024.jpg\" alt=\"\" class=\"wp-image-1988\" srcset=\"https:\/\/al-lepellerin.fr\/wp-content\/uploads\/2024\/08\/Spectacle-fin-dannee-4-768x1024.jpg 768w, https:\/\/al-lepellerin.fr\/wp-content\/uploads\/2024\/08\/Spectacle-fin-dannee-4-225x300.jpg 225w, https:\/\/al-lepellerin.fr\/wp-content\/uploads\/2024\/08\/Spectacle-fin-dannee-4-1152x1536.jpg 1152w, https:\/\/al-lepellerin.fr\/wp-content\/uploads\/2024\/08\/Spectacle-fin-dannee-4-1536x2048.jpg 1536w, https:\/\/al-lepellerin.fr\/wp-content\/uploads\/2024\/08\/Spectacle-fin-dannee-4-scaled.jpg 1920w\" sizes=\"auto, (max-width: 768px) 100vw, 768px\" \/><\/figure>\n\n\n\n<figure class=\"wp-block-image size-large\"><img loading=\"lazy\" decoding=\"async\" width=\"1024\" height=\"768\" data-id=\"1989\" src=\"https:\/\/al-lepellerin.fr\/wp-content\/uploads\/2024\/08\/Spectacle-fin-dannee-5-1024x768.jpg\" alt=\"\" class=\"wp-image-1989\" srcset=\"https:\/\/al-lepellerin.fr\/wp-content\/uploads\/2024\/08\/Spectacle-fin-dannee-5-1024x768.jpg 1024w, https:\/\/al-lepellerin.fr\/wp-content\/uploads\/2024\/08\/Spectacle-fin-dannee-5-300x225.jpg 300w, https:\/\/al-lepellerin.fr\/wp-content\/uploads\/2024\/08\/Spectacle-fin-dannee-5-768x576.jpg 768w, https:\/\/al-lepellerin.fr\/wp-content\/uploads\/2024\/08\/Spectacle-fin-dannee-5-1536x1152.jpg 1536w, https:\/\/al-lepellerin.fr\/wp-content\/uploads\/2024\/08\/Spectacle-fin-dannee-5-2048x1536.jpg 2048w, https:\/\/al-lepellerin.fr\/wp-content\/uploads\/2024\/08\/Spectacle-fin-dannee-5-60x46.jpg 60w\" sizes=\"auto, (max-width: 1024px) 100vw, 1024px\" \/><\/figure>\n\n\n\n<figure class=\"wp-block-image size-large\"><img loading=\"lazy\" decoding=\"async\" width=\"1024\" height=\"768\" data-id=\"1986\" src=\"https:\/\/al-lepellerin.fr\/wp-content\/uploads\/2024\/08\/Spectacle-fin-dannee-6-1024x768.jpg\" alt=\"\" class=\"wp-image-1986\" srcset=\"https:\/\/al-lepellerin.fr\/wp-content\/uploads\/2024\/08\/Spectacle-fin-dannee-6-1024x768.jpg 1024w, https:\/\/al-lepellerin.fr\/wp-content\/uploads\/2024\/08\/Spectacle-fin-dannee-6-300x225.jpg 300w, https:\/\/al-lepellerin.fr\/wp-content\/uploads\/2024\/08\/Spectacle-fin-dannee-6-768x576.jpg 768w, https:\/\/al-lepellerin.fr\/wp-content\/uploads\/2024\/08\/Spectacle-fin-dannee-6-1536x1152.jpg 1536w, https:\/\/al-lepellerin.fr\/wp-content\/uploads\/2024\/08\/Spectacle-fin-dannee-6-2048x1536.jpg 2048w, https:\/\/al-lepellerin.fr\/wp-content\/uploads\/2024\/08\/Spectacle-fin-dannee-6-60x46.jpg 60w\" sizes=\"auto, (max-width: 1024px) 100vw, 1024px\" \/><\/figure>\n\n\n\n<figure class=\"wp-block-image size-large\"><img loading=\"lazy\" decoding=\"async\" width=\"1024\" height=\"561\" data-id=\"1982\" src=\"https:\/\/al-lepellerin.fr\/wp-content\/uploads\/2024\/08\/Spectacle-fin-dannee-7-1024x561.jpg\" alt=\"\" class=\"wp-image-1982\" srcset=\"https:\/\/al-lepellerin.fr\/wp-content\/uploads\/2024\/08\/Spectacle-fin-dannee-7-1024x561.jpg 1024w, https:\/\/al-lepellerin.fr\/wp-content\/uploads\/2024\/08\/Spectacle-fin-dannee-7-300x164.jpg 300w, https:\/\/al-lepellerin.fr\/wp-content\/uploads\/2024\/08\/Spectacle-fin-dannee-7-768x420.jpg 768w, https:\/\/al-lepellerin.fr\/wp-content\/uploads\/2024\/08\/Spectacle-fin-dannee-7-1536x841.jpg 1536w, https:\/\/al-lepellerin.fr\/wp-content\/uploads\/2024\/08\/Spectacle-fin-dannee-7-2048x1121.jpg 2048w\" sizes=\"auto, (max-width: 1024px) 100vw, 1024px\" \/><\/figure>\n<\/figure>\n\n\n\n<p>Contact : <a href=\"mailto:ecoledemusique@al-lepellerin.fr\">ecoledemusique@al-lepellerin.fr<\/a><\/p>\n\n\n<div class=\"wpforms-container wpforms-container-full wpforms-render-modern\" id=\"wpforms-1889\"><form id=\"wpforms-form-1889\" class=\"wpforms-validate wpforms-form wpforms-ajax-form\" data-formid=\"1889\" method=\"post\" enctype=\"multipart\/form-data\" action=\"\/index.php\/wp-json\/wp\/v2\/pages\/1540\" data-token=\"1968440ee94656c349983c01ebf0956a\" data-token-time=\"1777730251\"><noscript class=\"wpforms-error-noscript\">Veuillez activer JavaScript dans votre navigateur pour remplir ce formulaire.<\/noscript><div class=\"wpforms-hidden\" id=\"wpforms-error-noscript\">Veuillez activer JavaScript dans votre navigateur pour remplir ce formulaire.<\/div><div class=\"wpforms-field-container\"><div id=\"wpforms-1889-field_0-container\" class=\"wpforms-field wpforms-field-name\" data-field-id=\"0\"><fieldset><legend class=\"wpforms-field-label\">Nom <span class=\"wpforms-required-label\" aria-hidden=\"true\">*<\/span><\/legend><div class=\"wpforms-field-row wpforms-field-medium\"><div class=\"wpforms-field-row-block wpforms-first wpforms-one-half\"><input type=\"text\" id=\"wpforms-1889-field_0\" class=\"wpforms-field-name-first wpforms-field-required\" name=\"wpforms[fields][0][first]\" aria-errormessage=\"wpforms-1889-field_0-error\" required><label for=\"wpforms-1889-field_0\" class=\"wpforms-field-sublabel after \">Pr\u00e9nom<\/label><\/div><div class=\"wpforms-field-row-block wpforms-one-half\"><input type=\"text\" id=\"wpforms-1889-field_0-last\" class=\"wpforms-field-name-last wpforms-field-required\" name=\"wpforms[fields][0][last]\" aria-errormessage=\"wpforms-1889-field_0-last-error\" required><label for=\"wpforms-1889-field_0-last\" class=\"wpforms-field-sublabel after \">Nom<\/label><\/div><\/div><\/fieldset><\/div><div id=\"wpforms-1889-field_1-container\" class=\"wpforms-field wpforms-field-email\" data-field-id=\"1\"><label class=\"wpforms-field-label\" for=\"wpforms-1889-field_1\">E-mail <span class=\"wpforms-required-label\" aria-hidden=\"true\">*<\/span><\/label><input type=\"email\" id=\"wpforms-1889-field_1\" class=\"wpforms-field-medium wpforms-field-required\" name=\"wpforms[fields][1]\" spellcheck=\"false\" aria-errormessage=\"wpforms-1889-field_1-error\" required><\/div><div id=\"wpforms-1889-field_2-container\" class=\"wpforms-field wpforms-field-textarea\" data-field-id=\"2\"><label class=\"wpforms-field-label\" for=\"wpforms-1889-field_2\">Commentaire ou message<\/label><textarea id=\"wpforms-1889-field_2\" class=\"wpforms-field-medium\" name=\"wpforms[fields][2]\" aria-errormessage=\"wpforms-1889-field_2-error\" ><\/textarea><\/div><\/div><!-- .wpforms-field-container --><div class=\"wpforms-recaptcha-container wpforms-is-recaptcha wpforms-is-recaptcha-type-v2\" ><div class=\"g-recaptcha\" data-sitekey=\"6LeVnxMqAAAAAIonvqWSA0b4lF6NFnPJAUVELxfZ\"><\/div><input type=\"text\" name=\"g-recaptcha-hidden\" class=\"wpforms-recaptcha-hidden\" style=\"position:absolute!important;clip:rect(0,0,0,0)!important;height:1px!important;width:1px!important;border:0!important;overflow:hidden!important;padding:0!important;margin:0!important;\" data-rule-recaptcha=\"1\"><\/div><div class=\"wpforms-submit-container\" ><input type=\"hidden\" name=\"wpforms[id]\" value=\"1889\"><input type=\"hidden\" name=\"page_title\" value=\"\"><input type=\"hidden\" name=\"page_url\" value=\"https:\/\/al-lepellerin.fr\/index.php\/wp-json\/wp\/v2\/pages\/1540\"><button type=\"submit\" name=\"wpforms[submit]\" id=\"wpforms-submit-1889\" class=\"wpforms-submit\" data-alt-text=\"Envoi...\" data-submit-text=\"Envoyer\" aria-live=\"assertive\" value=\"wpforms-submit\">Envoyer<\/button><img loading=\"lazy\" decoding=\"async\" src=\"https:\/\/al-lepellerin.fr\/wp-content\/plugins\/wpforms-lite\/assets\/images\/submit-spin.svg\" class=\"wpforms-submit-spinner\" style=\"display: none;\" width=\"26\" height=\"26\" alt=\"Chargement en cours\"><\/div><\/form><\/div>  <!-- .wpforms-container -->\n\n\n\n<p><\/p>\n","protected":false},"excerpt":{"rendered":"<p>Responsable de section&nbsp;: C\u00e9line Landreau Cr\u00e9\u00e9e en 1979, L\u2019\u00c9cole de Musique de l\u2019Amicale La\u00efque du Pellerin a comme philosophie de d\u00e9mocratiser et de favoriser l\u2019acc\u00e8s \u00e0 l\u2019\u00e9ducation musicale pour tous. Notre devise&nbsp;: plaisir dans l\u2019apprentissage et \u00e9panouissement personnel dans la pratique. Notre projet s\u2019articule autour du plaisir de pratiquer la musique et de l\u2019\u00e9panouissement personnel dans la pratique. C\u2019est une aventure humaine et artistique dans un cadre associatif.Nous vous proposons de l\u2019\u00e9veil musical d\u00e8s 3 ans, l\u2019apprentissage de diff\u00e9rents instruments et de la pratique collective en studio.L\u2019\u00c9cole de Musique se situe \u00e0 l\u2019espace culturel Adine Riom au-dessus de la M\u00e9diath\u00e8que&#8230;<\/p>\n","protected":false},"author":1,"featured_media":0,"parent":0,"menu_order":0,"comment_status":"closed","ping_status":"closed","template":"","meta":{"_acf_changed":false,"footnotes":""},"class_list":["post-1540","page","type-page","status-publish","hentry"],"acf":[],"_links":{"self":[{"href":"https:\/\/al-lepellerin.fr\/index.php\/wp-json\/wp\/v2\/pages\/1540","targetHints":{"allow":["GET"]}}],"collection":[{"href":"https:\/\/al-lepellerin.fr\/index.php\/wp-json\/wp\/v2\/pages"}],"about":[{"href":"https:\/\/al-lepellerin.fr\/index.php\/wp-json\/wp\/v2\/types\/page"}],"author":[{"embeddable":true,"href":"https:\/\/al-lepellerin.fr\/index.php\/wp-json\/wp\/v2\/users\/1"}],"replies":[{"embeddable":true,"href":"https:\/\/al-lepellerin.fr\/index.php\/wp-json\/wp\/v2\/comments?post=1540"}],"version-history":[{"count":33,"href":"https:\/\/al-lepellerin.fr\/index.php\/wp-json\/wp\/v2\/pages\/1540\/revisions"}],"predecessor-version":[{"id":2113,"href":"https:\/\/al-lepellerin.fr\/index.php\/wp-json\/wp\/v2\/pages\/1540\/revisions\/2113"}],"wp:attachment":[{"href":"https:\/\/al-lepellerin.fr\/index.php\/wp-json\/wp\/v2\/media?parent=1540"}],"curies":[{"name":"wp","href":"https:\/\/api.w.org\/{rel}","templated":true}]}}