{"id":1532,"date":"2024-06-10T13:44:45","date_gmt":"2024-06-10T11:44:45","guid":{"rendered":"http:\/\/lsrbpmw.cluster023.hosting.ovh.net\/?page_id=1532"},"modified":"2024-08-29T11:15:03","modified_gmt":"2024-08-29T09:15:03","slug":"danse-orientale","status":"publish","type":"page","link":"https:\/\/al-lepellerin.fr\/index.php\/danse-orientale\/","title":{"rendered":"Danse orientale"},"content":{"rendered":"\n<p><strong>Responsables de section\u00a0:<\/strong> Sergent Sandrine et Berthaud Nathalie<br><strong>Professeur\u00a0:<\/strong> F\u00e9riel Rodriguez<br><\/p>\n\n\n\n<p><strong>Cette ann\u00e9e nous accueillons un nouveau professeur en la personne de F\u00e9riel Rodriguez.<\/strong><br><br>Cours de Danse orientale tous niveau \u00e0 partir de 6 ans.<br><br><strong>Bienfaits de la danse orientale\u00a0:<\/strong>\u00a0<br><br>Muscler le corps en profondeur<br>Travailler votre coordination<br>Permettre de vous sentir plus f\u00e9minine<br>Vous donner confiance en vous<br>Soulager les douleurs menstruelles<br>R\u00e9duire les douleurs de dos<br>Am\u00e9liorer votre m\u00e9moire<br>R\u00e9duire le stress<br>Vous permettre de voyager<br>La danse orientale ne vous ennuiera jamais<\/p>\n\n\n\n<p class=\"has-text-align-center\"><strong>Pr\u00e9sentation de F\u00e9riel\u00a0:<\/strong><br><br><strong>F\u00e9riel\u00a0Rodriguez\u00a0Oriental Artist\u00a0<\/strong><\/p>\n\n\n<div class=\"wp-block-image\">\n<figure class=\"aligncenter\"><img decoding=\"async\" src=\"https:\/\/lh7-rt.googleusercontent.com\/docsz\/AD_4nXcuh7IAFpvAZ4WjC9YvAol8u4DyIyMDK23x6mvBx8i3K3CwSSU59UEoAQzEqJrOdrpebRWkVM2RwvhOAEE6OHclyiMlOZw6GNX4goIKS2PgxR5s4D6yyow0HmzBjLZ7OPeg5AJDswgOXRNIcZKNpdjfGWxq9uJFE-nLYySvtKU8aOB8C-Cq4w?key=S1CCAFeIInyGm71XcdbGEw\" alt=\"\"\/><\/figure>\n<\/div>\n\n\n<p>France et International<br>Multi titr\u00e9e\u00a0<br>Membre du conseil international de la danse Unesco<br>Danseuse \/ Professeur \/ Chor\u00e9graphe \/Coach \/ Formatrice \/\u00a0Cr\u00e9atrice costumes, tenues, bijoux &amp; accessoires Mademoiselle F\u00e9e Cr\u00e9ation (Instagram)<br>Eveil \/Enfants \/ Ado \/ Adultes<br>Danses\u00a0orientales , folklores &amp; fusions\u00a0\u00a0\/ Tribal fusion &amp; ATS \/ ITS \/ Bhangra \/ Free Dance \/\u00a0<br>Directrice artistique de la Compagnie Jawhara Alwan al Jawhara<br>Instagram : Ferielrodriguezorientalartist<br>Page facebook :\u00a0Feriel\u00a0Rodriguez oriental artist<\/p>\n\n\n\n<figure class=\"wp-block-embed is-type-video is-provider-youtube wp-block-embed-youtube wp-embed-aspect-16-9 wp-has-aspect-ratio\"><div class=\"wp-block-embed__wrapper\">\n<iframe loading=\"lazy\" title=\"Baladi sooo fun improvisation F\u00e9riel Rodriguez danseuse orientale Nantes France\" width=\"1140\" height=\"641\" src=\"https:\/\/www.youtube.com\/embed\/QnJIn-rZw7I?feature=oembed\" frameborder=\"0\" allow=\"accelerometer; autoplay; clipboard-write; encrypted-media; gyroscope; picture-in-picture; web-share\" referrerpolicy=\"strict-origin-when-cross-origin\" allowfullscreen><\/iframe>\n<\/div><\/figure>\n\n\n\n<figure class=\"wp-block-embed is-type-video is-provider-youtube wp-block-embed-youtube wp-embed-aspect-16-9 wp-has-aspect-ratio\"><div class=\"wp-block-embed__wrapper\">\n<iframe loading=\"lazy\" title=\"Fe\u0301riel Rodriguez (NANTES) Raks &amp; Tabla solo bellydancer France 2012 in Poitiers\" width=\"1140\" height=\"641\" src=\"https:\/\/www.youtube.com\/embed\/bbbIPqbrUAA?feature=oembed\" frameborder=\"0\" allow=\"accelerometer; autoplay; clipboard-write; encrypted-media; gyroscope; picture-in-picture; web-share\" referrerpolicy=\"strict-origin-when-cross-origin\" allowfullscreen><\/iframe>\n<\/div><\/figure>\n\n\n\n<figure class=\"wp-block-embed is-type-video is-provider-youtube wp-block-embed-youtube wp-embed-aspect-16-9 wp-has-aspect-ratio\"><div class=\"wp-block-embed__wrapper\">\n<iframe loading=\"lazy\" title=\"Danses orientales extrait cours de danse NIVEAU 2 avec F\u00e9riel Rodriguez\" width=\"1140\" height=\"641\" src=\"https:\/\/www.youtube.com\/embed\/ne2_W5fwCuw?feature=oembed\" frameborder=\"0\" allow=\"accelerometer; autoplay; clipboard-write; encrypted-media; gyroscope; picture-in-picture; web-share\" referrerpolicy=\"strict-origin-when-cross-origin\" allowfullscreen><\/iframe>\n<\/div><\/figure>\n\n\n\n<figure class=\"wp-block-embed is-type-video is-provider-youtube wp-block-embed-youtube wp-embed-aspect-16-9 wp-has-aspect-ratio\"><div class=\"wp-block-embed__wrapper\">\n<iframe loading=\"lazy\" title=\"Cours jawhara feriel Rodriguez danse orientale Nantes St herblain cours ado\" width=\"1140\" height=\"641\" src=\"https:\/\/www.youtube.com\/embed\/L6rpAkhJ0FU?feature=oembed\" frameborder=\"0\" allow=\"accelerometer; autoplay; clipboard-write; encrypted-media; gyroscope; picture-in-picture; web-share\" referrerpolicy=\"strict-origin-when-cross-origin\" allowfullscreen><\/iframe>\n<\/div><\/figure>\n\n\n\n<figure class=\"wp-block-embed is-type-video is-provider-youtube wp-block-embed-youtube wp-embed-aspect-16-9 wp-has-aspect-ratio\"><div class=\"wp-block-embed__wrapper\">\n<iframe loading=\"lazy\" title=\"Fe\u0301riel Rodriguez cours de danse orientale \u00e0 Nantes Centre artistique Jawhara 44\" width=\"1140\" height=\"641\" src=\"https:\/\/www.youtube.com\/embed\/SRWOFYBlsAQ?feature=oembed\" frameborder=\"0\" allow=\"accelerometer; autoplay; clipboard-write; encrypted-media; gyroscope; picture-in-picture; web-share\" referrerpolicy=\"strict-origin-when-cross-origin\" allowfullscreen><\/iframe>\n<\/div><\/figure>\n\n\n\n<p><br><br><br><strong>D\u00e9roulement de l\u2019activit\u00e9 (quand \/ o\u00f9 \/ \u00e0 quelle fr\u00e9quence) :<\/strong>\u00a0<\/p>\n\n\n\n<p>Les cours ont lieu les vendredis (hors vacances scolaires) dans la salle Jos\u00e9phine Baker de l\u2019espace Ren\u00e9 Cassin.<br><br>Vendredi de 17h20 \u00e0 18h20\u00a0: enfants \u00e0 partir de 6 ans<br>Vendredi de 18h25 \u00e0 19h25\u00a0: ado et adultes d\u00e9butants<br>Vendredi de 19h30 \u00e0 20h30\u00a0: ado et adultes initi\u00e9s (ouverture du cours en fonction de l\u2019effectif)<\/p>\n\n\n\n<p><br><strong>Tarifs et conditions :\u00a0\u00a0<\/strong><\/p>\n\n\n\n<p>Tarif \u2013 18 ans\u00a0: 120 \u20ac + adh\u00e9sion ALP<br>Tarif adulte\u00a0: 145 \u20ac + adh\u00e9sion ALP<br><br>R\u00e8glement accept\u00e9\u00a0:\u00a0 Ch\u00e8que \/ esp\u00e8ce \/ Ch\u00e8ques Vacances<br>Possibilit\u00e9 de r\u00e9gler en 3 fois par ch\u00e8ques.<\/p>\n\n\n\n<p><em>* Tarif d\u00e9gressif en fonction du nombre d&rsquo;adh\u00e9rents d&rsquo;une m\u00eame famille inscrits \u00e0 la section Danse de l&rsquo;A.L.P (Danse orientale et Modern Jazz) : -10% pour le deuxi\u00e8me, -20% pour le troisi\u00e8me et plus). R\u00e9duction appliqu\u00e9e \u00e0 la cotisation la moins \u00e9lev\u00e9e<\/em><\/p>\n\n\n\n<p><strong>Autres informations :<\/strong><br><br>la section Danse Orientale organisera son traditionnel Diner Dansant le samedi 15 mars 2025<\/p>\n\n\n\n<p>Le Gala de danse aura lieu sur un week-end de juin 2025<\/p>\n\n\n\n<figure class=\"wp-block-image\"><img decoding=\"async\" src=\"https:\/\/lh7-rt.googleusercontent.com\/docsz\/AD_4nXcAlDSOyQX0U3JpGAXd4AXWRtBN39mHMSsGEpnB1qaP2wYqCxwB4HlFOxJESEdME5pHVlYEYTbuLUiIt0rXPC0RtZZfYCqIhCGVUfU8nP5bd5hYDF04kLf89q3X_QBChQzyN3CoRnSgV0-UTf86a3DkYM_vW5A0UZG8xhcgHvWDMEFdECpAM3s?key=S1CCAFeIInyGm71XcdbGEw\" alt=\"\"\/><\/figure>\n\n\n\n<figure class=\"wp-block-image\"><img decoding=\"async\" src=\"https:\/\/lh7-rt.googleusercontent.com\/docsz\/AD_4nXdmicOC7_UF7oF4bF9ARCSw2X6gPRpjl4j1XlvS4MnjlqhRy8pSZ95EZObHaChKGaUb8T6_0Jm0-yrzb5YbzKEh7jtbmdZVuGNqWcYtBbDB6gO-2kC1LPH1rJjddJay_D7WF_FKRKQxQIypf4P0x6oSzxWYnlsDZCkxkdasepK42ymeMTQtf3A?key=S1CCAFeIInyGm71XcdbGEw\" alt=\"\"\/><\/figure>\n\n\n\n<figure class=\"wp-block-image\"><img decoding=\"async\" src=\"https:\/\/lh7-rt.googleusercontent.com\/docsz\/AD_4nXcnCNN6aSTbv9P9t6RLF9coI0GsB_MogACjPfrP95dTf6tclATMJahjkcDmirXkXMQoW918WBpZ6Us6FpQ3cH4rF-HY7RTi7l9c8et3FGvbieqgdmdWLo9RWfrGREq4htqH8X19mfTJT3bZPt7xhT_9o11HjEB-Mo6ZB3UgvGe8WVgturvuILI?key=S1CCAFeIInyGm71XcdbGEw\" alt=\"\"\/><\/figure>\n\n\n\n<p>Sandrine\u00a0: 0631083279<br>Nathalie\u00a0: 0665066144<br>Contact : <a href=\"mailto:danseorientale@al-lepellerin.fr\">danseorientale@al-lepellerin.fr<\/a><\/p>\n\n\n<div class=\"wpforms-container wpforms-container-full wpforms-render-modern\" id=\"wpforms-1894\"><form id=\"wpforms-form-1894\" class=\"wpforms-validate wpforms-form wpforms-ajax-form\" data-formid=\"1894\" method=\"post\" enctype=\"multipart\/form-data\" action=\"\/index.php\/wp-json\/wp\/v2\/pages\/1532\" data-token=\"622619243865fba4f3f659ff8d2104b7\" data-token-time=\"1777730179\"><noscript class=\"wpforms-error-noscript\">Veuillez activer JavaScript dans votre navigateur pour remplir ce formulaire.<\/noscript><div class=\"wpforms-hidden\" id=\"wpforms-error-noscript\">Veuillez activer JavaScript dans votre navigateur pour remplir ce formulaire.<\/div><div class=\"wpforms-field-container\"><div id=\"wpforms-1894-field_0-container\" class=\"wpforms-field wpforms-field-name\" data-field-id=\"0\"><fieldset><legend class=\"wpforms-field-label\">Nom <span class=\"wpforms-required-label\" aria-hidden=\"true\">*<\/span><\/legend><div class=\"wpforms-field-row wpforms-field-medium\"><div class=\"wpforms-field-row-block wpforms-first wpforms-one-half\"><input type=\"text\" id=\"wpforms-1894-field_0\" class=\"wpforms-field-name-first wpforms-field-required\" name=\"wpforms[fields][0][first]\" aria-errormessage=\"wpforms-1894-field_0-error\" required><label for=\"wpforms-1894-field_0\" class=\"wpforms-field-sublabel after \">Pr\u00e9nom<\/label><\/div><div class=\"wpforms-field-row-block wpforms-one-half\"><input type=\"text\" id=\"wpforms-1894-field_0-last\" class=\"wpforms-field-name-last wpforms-field-required\" name=\"wpforms[fields][0][last]\" aria-errormessage=\"wpforms-1894-field_0-last-error\" required><label for=\"wpforms-1894-field_0-last\" class=\"wpforms-field-sublabel after \">Nom<\/label><\/div><\/div><\/fieldset><\/div><div id=\"wpforms-1894-field_1-container\" class=\"wpforms-field wpforms-field-email\" data-field-id=\"1\"><label class=\"wpforms-field-label\" for=\"wpforms-1894-field_1\">E-mail <span class=\"wpforms-required-label\" aria-hidden=\"true\">*<\/span><\/label><input type=\"email\" id=\"wpforms-1894-field_1\" class=\"wpforms-field-medium wpforms-field-required\" name=\"wpforms[fields][1]\" spellcheck=\"false\" aria-errormessage=\"wpforms-1894-field_1-error\" required><\/div><div id=\"wpforms-1894-field_2-container\" class=\"wpforms-field wpforms-field-textarea\" data-field-id=\"2\"><label class=\"wpforms-field-label\" for=\"wpforms-1894-field_2\">Commentaire ou message<\/label><textarea id=\"wpforms-1894-field_2\" class=\"wpforms-field-medium\" name=\"wpforms[fields][2]\" aria-errormessage=\"wpforms-1894-field_2-error\" ><\/textarea><\/div><\/div><!-- .wpforms-field-container --><div class=\"wpforms-recaptcha-container wpforms-is-recaptcha wpforms-is-recaptcha-type-v2\" ><div class=\"g-recaptcha\" data-sitekey=\"6LeVnxMqAAAAAIonvqWSA0b4lF6NFnPJAUVELxfZ\"><\/div><input type=\"text\" name=\"g-recaptcha-hidden\" class=\"wpforms-recaptcha-hidden\" style=\"position:absolute!important;clip:rect(0,0,0,0)!important;height:1px!important;width:1px!important;border:0!important;overflow:hidden!important;padding:0!important;margin:0!important;\" data-rule-recaptcha=\"1\"><\/div><div class=\"wpforms-submit-container\" ><input type=\"hidden\" name=\"wpforms[id]\" value=\"1894\"><input type=\"hidden\" name=\"page_title\" value=\"\"><input type=\"hidden\" name=\"page_url\" value=\"https:\/\/al-lepellerin.fr\/index.php\/wp-json\/wp\/v2\/pages\/1532\"><button type=\"submit\" name=\"wpforms[submit]\" id=\"wpforms-submit-1894\" class=\"wpforms-submit\" data-alt-text=\"Envoi...\" data-submit-text=\"Envoyer\" aria-live=\"assertive\" value=\"wpforms-submit\">Envoyer<\/button><img loading=\"lazy\" decoding=\"async\" src=\"https:\/\/al-lepellerin.fr\/wp-content\/plugins\/wpforms-lite\/assets\/images\/submit-spin.svg\" class=\"wpforms-submit-spinner\" style=\"display: none;\" width=\"26\" height=\"26\" alt=\"Chargement en cours\"><\/div><\/form><\/div>  <!-- .wpforms-container -->\n","protected":false},"excerpt":{"rendered":"<p>Responsables de section\u00a0: Sergent Sandrine et Berthaud NathalieProfesseur\u00a0: F\u00e9riel Rodriguez Cette ann\u00e9e nous accueillons un nouveau professeur en la personne de F\u00e9riel Rodriguez. Cours de Danse orientale tous niveau \u00e0 partir de 6 ans. Bienfaits de la danse orientale\u00a0:\u00a0 Muscler le corps en profondeurTravailler votre coordinationPermettre de vous sentir plus f\u00e9minineVous donner confiance en vousSoulager les douleurs menstruellesR\u00e9duire les douleurs de dosAm\u00e9liorer votre m\u00e9moireR\u00e9duire le stressVous permettre de voyagerLa danse orientale ne vous ennuiera jamais Pr\u00e9sentation de F\u00e9riel\u00a0: F\u00e9riel\u00a0Rodriguez\u00a0Oriental Artist\u00a0 France et InternationalMulti titr\u00e9e\u00a0Membre du conseil international de la danse UnescoDanseuse \/ Professeur \/ Chor\u00e9graphe \/Coach \/ Formatrice \/\u00a0Cr\u00e9atrice costumes,&#8230;<\/p>\n","protected":false},"author":1,"featured_media":0,"parent":0,"menu_order":0,"comment_status":"closed","ping_status":"closed","template":"","meta":{"_acf_changed":false,"footnotes":""},"class_list":["post-1532","page","type-page","status-publish","hentry"],"acf":[],"_links":{"self":[{"href":"https:\/\/al-lepellerin.fr\/index.php\/wp-json\/wp\/v2\/pages\/1532","targetHints":{"allow":["GET"]}}],"collection":[{"href":"https:\/\/al-lepellerin.fr\/index.php\/wp-json\/wp\/v2\/pages"}],"about":[{"href":"https:\/\/al-lepellerin.fr\/index.php\/wp-json\/wp\/v2\/types\/page"}],"author":[{"embeddable":true,"href":"https:\/\/al-lepellerin.fr\/index.php\/wp-json\/wp\/v2\/users\/1"}],"replies":[{"embeddable":true,"href":"https:\/\/al-lepellerin.fr\/index.php\/wp-json\/wp\/v2\/comments?post=1532"}],"version-history":[{"count":2,"href":"https:\/\/al-lepellerin.fr\/index.php\/wp-json\/wp\/v2\/pages\/1532\/revisions"}],"predecessor-version":[{"id":1898,"href":"https:\/\/al-lepellerin.fr\/index.php\/wp-json\/wp\/v2\/pages\/1532\/revisions\/1898"}],"wp:attachment":[{"href":"https:\/\/al-lepellerin.fr\/index.php\/wp-json\/wp\/v2\/media?parent=1532"}],"curies":[{"name":"wp","href":"https:\/\/api.w.org\/{rel}","templated":true}]}}